of i?
2, 23
Let z(g) be the first derivative of -g**4/4 + 16*g**3/3 - 9*g**2 - 25*g + 47. List the prime factors of z(10).
5, 79
Let a(t) = t**2 - 13*t - 29. Let s be a(15). List the prime factors of 397 + (s/(-2) - 6/(-12)).
397
Let m(k) = -29*k**3 - 19*k**2 + 16*k + 116. What are the prime factors of m(-14)?
2, 3, 263
Let w(m) = 5*m - 1. Let c be w(4). Suppose -3*x + 3 = 4*i - c, 2 = 3*i - 5*x. Suppose d = 93 + i. List the prime factors of d.
97
Suppose -2*h = -113 + 103, 4*b = 2*h + 13014. List the prime factors of b.
2, 11, 37
Suppose 4*s = -2*f + 28, 38 = 3*f + 5*s - s. List the prime factors of 3 - (-165)/f*16.
3, 89
Suppose 3*c + 4*h - 102 = 0, -3*c + 0*h = -4*h - 78. Let b = c - 19. Suppose 2*d - b = 3. What are the prime factors of d?
7
Let k(p) = -106*p + 169. Let a be k(14). What are the prime factors of (1 + -2)/(a/1314 + 1)?
2, 3, 73
Let s = -119 + 305. What are the prime factors of (-6)/7*42/(-27)*s?
2, 31
Let r be ((-20)/(-30))/(2/159). Suppose 0 = -2*n + r + 75. Let c = n - 40. List the prime factors of c.
2, 3
Let o(h) = -12*h**3 - 5*h**2 + 7*h + 30. Let z be o(-4). Let m = -322 + z. What are the prime factors of m?
2, 23
Suppose 41*n - 100*n = 30*n - 962090. List the prime factors of n.
2, 5, 23, 47
Let y = -212 + 216. Suppose 1218 = 3*b - y*o, -19 = 2*b - 3*o - 831. What are the prime factors of b?
2, 7, 29
Let y be (-2 - (3 - 2)) + 18 + 416. Suppose 3*l - 2207 = -5*n, -y = -2*n - 2*l + 451. List the prime factors of n.
2, 13, 17
Let p = 153049 - 96482. What are the prime factors of p?
7, 8081
Let x = 1691 - 1703. Let p(d) = -5*d**2 + 4*d - 7. Let h(o) = -o**2. Let u(n) = -6*h(n) + p(n). What are the prime factors of u(x)?
89
Suppose 0 = 4*i + 11 + 697. Let u(a) = 11*a**2 + 76*a - 1. Let o be u(-7). List the prime factors of i/((-9)/o + 0).
2, 59
Let w be -9 + 6 + 5 + 20/1. Let r = 89 - w. List the prime factors of r.
67
Let v = -36401 + 63904. List the prime factors of v.
7, 3929
Suppose -2*x + 10 + 2 = 0. Suppose x*j + 368 = 10*j. Suppose 5*c = -27 + j. What are the prime factors of c?
13
Suppose -8*h + 1921 = 553. Suppose -h = -2*p + 285. What are the prime factors of p?
2, 3, 19
Suppose 0 = 45*t - 52*t + 65429. What are the prime factors of t?
13, 719
Suppose 69*t = 490251 + 1043895. List the prime factors of t.
2, 11117
Let s(x) be the first derivative of 3/2*x**2 - 4 - x + 1/3*x**3. List the prime factors of s(-4).
3
Suppose -4*x + 0*x = -3*x. Suppose -l - 1 = -2, j - 5*l + 463 = x. Let q = j - -655. What are the prime factors of q?
197
Suppose 31354646 = 667*b - 158*b + 8278622. What are the prime factors of b?
2, 3, 1889
Suppose 2*i = -3*t + 6*t - 323, 0 = 2*i + 3*t + 341. Let d = 533 - i. What are the prime factors of d?
3, 233
Let k(v) = 4*v**3 - 36*v**2 + 631*v - 18. What are the prime factors of k(12)?
2, 3, 7, 13, 17
What are the prime factors of 116/(-14)*(-93170)/220?
11, 29
Suppose -3*y = -2*o + 22, -4*o + 40 = -8*y + 3*y. Suppose 5*d - 3369 = 4*t, o*d + 2*t = 2270 + 1123. What are the prime factors of d?
677
Suppose -39*t + 38*t - k = -136, -5*t + 5*k + 650 = 0. What are the prime factors of t?
7, 19
Suppose 5*k = 3*g + 4, 0 = 5*k + 3*g - 2*g + 8. What are the prime factors of (k + (-106)/4)/(12/(-120))?
5, 11
Suppose -13826 = -y - u - 3738, -3*y + 2*u + 30254 = 0. What are the prime factors of y?
2, 3, 41
Let y(j) = j**2 + 7*j + 15. Let f be y(-4). Suppose f*t - 126 - 114 = 0. List the prime factors of t.
2, 5
Let m(o) = -541*o**3 + 8*o**2 + 43*o + 185. List the prime factors of m(-5).
5, 7, 13, 149
Suppose -137372 = 5*t - 118*t + 215979. List the prime factors of t.
53, 59
Suppose -3*d = -3*x + 2493, 2*d + x = 521 - 2186. Let j = -538 - d. What are the prime factors of j?
2, 3, 7
Let d(w) = -w**3 - 13*w**2 + w - 9. Suppose -2*p = -10, 3*p + 190 = 3*l + 2*l. Suppose -4*y - l = 15. What are the prime factors of d(y)?
173
What are the prime factors of (-1)/(-4*(-13)/(-186212))?
3581
Let b(r) = 3*r + 48. Let t = 16 - 16. Let s be b(t). Suppose -272 = 44*m - s*m. What are the prime factors of m?
2, 17
Let v(j) = -j**3 + 9*j**2 - 3*j - 15. Let y be v(8). Let n = y + -19. What are the prime factors of -6*(n + 1)*(-2)/3?
2, 7
Let f be ((-32)/12)/(10/6420). Let a = f - -2460. What are the prime factors of a?
2, 11, 17
What are the prime factors of (-1 + 279)/(1079/143 - 8)*-40?
2, 11, 139
Let b = 25641 - 9179. What are the prime factors of b?
2, 8231
Suppose q - 5*l + 3*l = 7, -4*l + 12 = 0. Let n(p) = -5*p**2 + 107*p - 8. List the prime factors of n(q).
2, 269
Let g = 30845 - 5677. List the prime factors of g.
2, 11, 13
Suppose -33*m = -35*m + 12050. What are the prime factors of m?
5, 241
Let f be (4 - -3)/7*-75. List the prime factors of (-5 + 26/6)*f.
2, 5
Suppose i + 9 - 31 = -3*d, -5*i = -3*d + 34. Let b(h) = -16*h - d + 12 + 76*h. List the prime factors of b(1).
2
Let r(y) = -97*y**2 - 12*y + 96. Let f(t) = -32*t**2 - 4*t + 33. Let k(m) = 8*f(m) - 3*r(m). What are the prime factors of k(3)?
3, 101
Suppose -16012 - 1268 = 8*t. Let a = -409 - t. What are the prime factors of a?
17, 103
Let i(h) be the third derivative of h**5/60 - h**4/3 + 5*h**3/2 + 522*h**2. Let j(v) = v**3 - 8*v**2 - 9*v + 12. Let k be j(9). List the prime factors of i(k).
3, 7
Suppose -y + 5*y + 747 = -3*h, 0 = 4*y. What are the prime factors of (h/(-4))/(69/736)?
2, 83
List the prime factors of (-468)/54*-951 + 2.
2, 3, 229
Let s(v) be the second derivative of v**5 + v**3/3 - 9*v**2 - 229*v. List the prime factors of s(3).
2, 3, 11
Let a = -29 - -48. Let t(y) = -39*y - 388. Let m be t(-10). Suppose m*n - 151 = -a. List the prime factors of n.
2, 3, 11
Let m = 482 - -68. Suppose -3*g + m = 2*c - c, -2*g = 2*c - 1096. What are the prime factors of c?
547
Suppose p + 3*x - 137 = 0, -2*p + 81 + 213 = x. Suppose -p*h = -146*h - 711. What are the prime factors of h?
3, 79
Let j = 244 + -241. Suppose 0 = -3*y, 0 = -j*a - a - y + 240. What are the prime factors of a?
2, 3, 5
Let q be 1631/5 - (-3)/(-15). Suppose q*i - 328*i + 676 = 0. What are the prime factors of i?
2, 13
Suppose 15*x + 363 = 4*x. Let p = 556 - x. List the prime factors of p.
19, 31
Let j(y) = y + 26. Let a be j(-6). Suppose -9*u = -a - 16. Suppose -5*b + 120 = l + 4*l, 5*l - 93 = -u*b. List the prime factors of b.
3
Suppose 306 = 8*m + m. Let c = 38 - m. List the prime factors of -2*((-500)/8 + c).
3, 13
Suppose 2*q + 82146 = 2*h, 3187*q - 3185*q + 164282 = 4*h. List the prime factors of h.
2, 10267
Let i be 191*-3*((-4)/(-1))/(-12). Suppose -10*v + i - 61 = 0. List the prime factors of v.
13
Let b = 149663 + -86002. What are the prime factors of b?
13, 59, 83
Let l = 38 - 50. Let m = -10 - l. List the prime factors of 6*m/(-8)*-82.
3, 41
Let c(d) = -6*d + 4. Let o be c(-15). Let m = o + 405. List the prime factors of m.
499
Let x(b) = 9*b**3 + 7*b**2 - 34*b - 18. Let k be x(6). Suppose 0 = -5*c + 3*c - l + k, -3*c - 2*l = -2962. What are the prime factors of c?
2, 17, 29
Let o = -95 - -272. Let t = -44 + 46. Suppose z = -t*j + 4*z + o, 5*j - 2*z - 426 = 0. List the prime factors of j.
2, 3, 7
Let f(q) = -6 - 32 + q + 3*q. Suppose 180 = 15*k - 206 + 206. What are the prime factors of f(k)?
2, 5
Let q = 1827 + -1117. Let i = q + 557. What are the prime factors of i?
7, 181
Suppose 5*f + 61 - 86 = 0. Suppose j - f*v = -2*v + 28, 0 = 3*j + v - 34. What are the prime factors of j?
13
Let l(o) = 41*o**2 - 36*o - 605. What are the prime factors of l(-20)?
3, 5, 367
Suppose 0 = -4*m - 89 - 75. Let l = m - -35. List the prime factors of 2 + l - (-42)/3.
2, 5
Let b = 99 + -103. List the prime factors of ((-462)/12 - b)*-4.
2, 3, 23
Let k(r) = -r**3 + r**2 + r - 5. Let n be k(0). Let h(l) = 23*l + 24. Let a(y) = -66*y - 68. Let g(j) = 5*a(j) + 14*h(j). What are the prime factors of g(n)?
2, 3
Suppose 36405 + 52090 = 55*d. Let c = d + 268. List the prime factors of c.
1877
Suppose 3*h = -3*r - 6 - 9, r + 3*h = -15. Suppose -6*w - 17 - 19 = r. What are the prime factors of (-273)/28*40/w?
5, 13
Let i = 3640 - 818. What are the prime factors of i?
2, 17, 83
Let k be (-12)/((-125)/110 + 1). Suppose -16*m + 312 = -k. What are the prime factors of m?
5
Let n(x) = 37 + 395*x - 810*x + 394*x. List the prime factors of n(-9).
2, 113
Suppose -3 = 2*n - 3*n. Suppose 0*r = -n*j - 5*r + 1046, -4